{"id":98,"date":"2016-08-04T10:04:30","date_gmt":"2016-08-04T15:04:30","guid":{"rendered":"http:\/\/motorrad.video\/home\/"},"modified":"2020-06-05T12:30:38","modified_gmt":"2020-06-05T10:30:38","slug":"home","status":"publish","type":"page","link":"https:\/\/motorrad.video\/","title":{"rendered":"Home"},"content":{"rendered":"<div id=\"cs-content\" class=\"cs-content\" >\n<div class=\"e98-1 x-section\" >\n      \n<div class=\"e98-2 x-row\" >\n  <div class=\"x-row-inner\">\n    \n<div class=\"e98-3 x-col\" >\n    \n<div class=\"e98-4 x-row\" >\n  <div class=\"x-row-inner\">\n    \n<div class=\"e98-5 x-col\" >\n    \n<span class=\"e98-6 x-image\" >\n  <img alt=\"Image\" src=\"http:\/\/motorrad.video\/wp-content\/uploads\/2020\/04\/Logo.png\" width=\"438\" height=\"308\" >\n<\/span>\n\n<hr class=\"e98-7 x-line\" >\n<\/div>\n  <\/div>\n  <\/div>\n<\/div>\n  <\/div>\n  <\/div>\n  <\/div>\n\n<div class=\"e98-8 x-section\" >\n      \n<div class=\"e98-9 x-row\" >\n  <div class=\"x-row-inner\">\n    \n<div class=\"e98-10 x-col\" >\n    <div  class=\"x-video embed\" ><div class=\"x-video-inner\"><iframe width=\"560\" height=\"315\" src=\"https:\/\/www.youtube-nocookie.com\/embed\/9fesiqDLSqs?controls=0\" frameborder=\"0\" allow=\"accelerometer; autoplay; encrypted-media; gyroscope; picture-in-picture\" allowfullscreen><\/iframe><\/div><\/div><\/div>\n  <\/div>\n  <\/div>\n  <\/div>\n\n<div class=\"e98-12 x-section\" >\n    \n<div class=\"x-bg\" aria-hidden=\"true\" >\n  <div class=\"x-bg-layer-lower-image\" style=\" background-image: url(http:\/\/motorrad.video\/wp-content\/uploads\/2020\/06\/Screenshot-2020-06-04-um-17.15.08.jpg); background-repeat: no-repeat; background-position: center; background-size: cover;\" ><\/div>  <\/div>\n  \n<div class=\"e98-13 x-row x-container max width\" >\n  <div class=\"x-row-inner\">\n    \n<div class=\"e98-14 x-col\" >\n    \n<div class=\"e98-15 x-text x-text-headline\" >\n  <div class=\"x-text-content\"><div class=\"x-text-content-text\"><h2 class=\"x-text-content-text-primary\"><span>DU UND DEIN <strong>MOTORRAD<\/strong><\/span>\n<br>\n<span>IN EINEM <strong>VIDEOCLIP <\/strong> F\u00dcR 149,- EuR <\/span>\n<br><br>\n<small>Aktuell nur im Grossraum K\u00f6ln + 25 km<br>\nDAuer des Drehs 30 - 45 Minuten<\/small><\/h2><\/div><\/div><\/div>\n<\/div>\n  <\/div>\n  <\/div>\n  <\/div>\n\n<div class=\"e98-16 x-section\" >\n      \n<div class=\"e98-17 x-row\" >\n  <div class=\"x-row-inner\">\n    \n<div class=\"e98-18 x-col\" >\n    \n<div class=\"e98-19 x-text x-text-headline\" >\n  <div class=\"x-text-content\"><div class=\"x-text-content-text\"><h2 class=\"x-text-content-text-primary\"><span><small>Daf\u00fcr sorgst Du<\/small>To DO<\/span><\/h2><\/div><\/div><\/div>\n<ul  class=\"x-feature-list\"  data-x-element=\"feature_list\" data-x-params=\"{&quot;animationOffset&quot;:&quot;50&quot;,&quot;animationDelayInitial&quot;:&quot;0&quot;,&quot;animationDelayBetween&quot;:&quot;300&quot;}\" ><li  class=\"x-feature-box left-text top-text cf\" style=\" max-width: none;\" data-x-element=\"feature_box\" data-x-params=\"{&quot;child&quot;:true,&quot;graphicAnimation&quot;:&quot;none&quot;,&quot;connectorAnimation&quot;:&quot;none&quot;,&quot;alignH&quot;:&quot;left&quot;,&quot;alignV&quot;:&quot;top&quot;}\" ><span class=\"x-feature-box-connector full\" style=\"font-size: 60px; left: 0; right: calc(100% - 60px); border-left: 1px dashed #272727;\"><\/span><div class=\"x-feature-box-graphic circle \"><div class=\"x-feature-box-graphic-outer circle\" style=\" margin-right: 20px;\"><div class=\"x-feature-box-graphic-inner circle\" style=\"font-size: 60px;\"><i class=\"x-icon-road circle\" data-x-icon-s=\"&#xf018;\"  style=\"margin: 0 auto; color: #ffffff; background-color: #0089B9;\"><\/i><\/div><\/div><\/div><div class=\"x-feature-box-content \"><h4 class=\"x-feature-box-title\">Drehort<\/h4><p class=\"x-feature-box-text\">Strasse au\u00dferhalb geschlossener Ortschaft, keine Autobahn, keine Bundesstra\u00dfe<\/p><\/div><\/li><li  class=\"x-feature-box left-text top-text cf\" style=\" max-width: none;\" data-x-element=\"feature_box\" data-x-params=\"{&quot;child&quot;:true,&quot;graphicAnimation&quot;:&quot;none&quot;,&quot;connectorAnimation&quot;:&quot;none&quot;,&quot;alignH&quot;:&quot;left&quot;,&quot;alignV&quot;:&quot;top&quot;}\" ><span class=\"x-feature-box-connector full\" style=\"font-size: 60px; left: 0; right: calc(100% - 60px); border-left: 1px dashed #272727;\"><\/span><div class=\"x-feature-box-graphic circle \"><div class=\"x-feature-box-graphic-outer circle\" style=\" margin-right: 20px;\"><div class=\"x-feature-box-graphic-inner circle\" style=\"font-size: 60px;\"><i class=\"x-icon-parking circle\" data-x-icon-s=\"&#xf540;\"  style=\"margin: 0 auto; color: #ffffff; background-color: #0089B9;\"><\/i><\/div><\/div><\/div><div class=\"x-feature-box-content \"><h4 class=\"x-feature-box-title\">Parkplatz<\/h4><p class=\"x-feature-box-text\">oder freie Fl\u00e4che an der Stra\u00dfe des Drehortes, optimalerweise Baumfei im Umkreis von ca. 10 Metern, hier werden die Aufnahmen des Motorrads im Stand gedreht<\/p><\/div><\/li><li  class=\"x-feature-box left-text top-text cf\" style=\" max-width: none;\" data-x-element=\"feature_box\" data-x-params=\"{&quot;child&quot;:true,&quot;graphicAnimation&quot;:&quot;none&quot;,&quot;connectorAnimation&quot;:&quot;none&quot;,&quot;alignH&quot;:&quot;left&quot;,&quot;alignV&quot;:&quot;top&quot;}\" ><span class=\"x-feature-box-connector full\" style=\"font-size: 60px; left: 0; right: calc(100% - 60px); border-left: 1px dashed #272727;\"><\/span><div class=\"x-feature-box-graphic circle \"><div class=\"x-feature-box-graphic-outer circle\" style=\" margin-right: 20px;\"><div class=\"x-feature-box-graphic-inner circle\" style=\"font-size: 60px;\"><i class=\"x-icon-sun circle\" data-x-icon-s=\"&#xf185;\"  style=\"margin: 0 auto; color: #ffffff; background-color: #0089B9;\"><\/i><\/div><\/div><\/div><div class=\"x-feature-box-content \"><h4 class=\"x-feature-box-title\">Wetter<\/h4><p class=\"x-feature-box-text\">Wenn Du nicht Petrus bist, sind wir nat\u00fcrlich auf gutes Wetter angewiesen<\/p><\/div><\/li><\/ul><\/div>\n\n<div class=\"e98-24 x-col\" >\n    \n<div class=\"e98-25 x-text x-text-headline\" >\n  <div class=\"x-text-content\"><div class=\"x-text-content-text\"><h2 class=\"x-text-content-text-primary\"><small>Das machen wir<\/small>Unser Service<\/h2><\/div><\/div><\/div>\n<ul  class=\"x-feature-list\"  data-x-element=\"feature_list\" data-x-params=\"{&quot;animationOffset&quot;:&quot;50&quot;,&quot;animationDelayInitial&quot;:&quot;0&quot;,&quot;animationDelayBetween&quot;:&quot;300&quot;}\" ><li  class=\"x-feature-box left-text top-text cf\" style=\" max-width: none;\" data-x-element=\"feature_box\" data-x-params=\"{&quot;child&quot;:true,&quot;graphicAnimation&quot;:&quot;none&quot;,&quot;connectorAnimation&quot;:&quot;none&quot;,&quot;alignH&quot;:&quot;left&quot;,&quot;alignV&quot;:&quot;top&quot;}\" ><span class=\"x-feature-box-connector full\" style=\"font-size: 60px; left: 0; right: calc(100% - 60px); border-left: 1px dashed #272727;\"><\/span><div class=\"x-feature-box-graphic circle \"><div class=\"x-feature-box-graphic-outer circle\" style=\" margin-right: 20px;\"><div class=\"x-feature-box-graphic-inner circle\" style=\"font-size: 60px;\"><i class=\"x-icon-camera-home circle\" data-x-icon-s=\"&#xf8fe;\"  style=\"margin: 0 auto; color: #ffffff; background-color: #0089B9;\"><\/i><\/div><\/div><\/div><div class=\"x-feature-box-content \"><h4 class=\"x-feature-box-title\">Mehrere Kamerasysteme<\/h4><p class=\"x-feature-box-text\">sind im Einsatz, um dich in Aktion zu filmen<\/p><\/div><\/li><li  class=\"x-feature-box left-text top-text cf\" style=\" max-width: none;\" data-x-element=\"feature_box\" data-x-params=\"{&quot;child&quot;:true,&quot;graphicAnimation&quot;:&quot;none&quot;,&quot;connectorAnimation&quot;:&quot;none&quot;,&quot;alignH&quot;:&quot;left&quot;,&quot;alignV&quot;:&quot;top&quot;}\" ><span class=\"x-feature-box-connector full\" style=\"font-size: 60px; left: 0; right: calc(100% - 60px); border-left: 1px dashed #272727;\"><\/span><div class=\"x-feature-box-graphic circle \"><div class=\"x-feature-box-graphic-outer circle\" style=\" margin-right: 20px;\"><div class=\"x-feature-box-graphic-inner circle\" style=\"font-size: 60px;\"><i class=\"x-icon-drone-alt circle\" data-x-icon-s=\"&#xf860;\"  style=\"margin: 0 auto; color: #ffffff; background-color: #0089B9;\"><\/i><\/div><\/div><\/div><div class=\"x-feature-box-content \"><h4 class=\"x-feature-box-title\">Drohnenaufnahme<\/h4><p class=\"x-feature-box-text\">Teile werden, wenn m\u00f6glich, mit unserer Drohne gefilmt<\/p><\/div><\/li><li  class=\"x-feature-box left-text top-text cf\" style=\" max-width: none;\" data-x-element=\"feature_box\" data-x-params=\"{&quot;child&quot;:true,&quot;graphicAnimation&quot;:&quot;none&quot;,&quot;connectorAnimation&quot;:&quot;none&quot;,&quot;alignH&quot;:&quot;left&quot;,&quot;alignV&quot;:&quot;top&quot;}\" ><span class=\"x-feature-box-connector full\" style=\"font-size: 60px; left: 0; right: calc(100% - 60px); border-left: 1px dashed #272727;\"><\/span><div class=\"x-feature-box-graphic circle \"><div class=\"x-feature-box-graphic-outer circle\" style=\" margin-right: 20px;\"><div class=\"x-feature-box-graphic-inner circle\" style=\"font-size: 60px;\"><i class=\"x-icon-cut circle\" data-x-icon-s=\"&#xf0c4;\"  style=\"margin: 0 auto; color: #ffffff; background-color: #0089B9;\"><\/i><\/div><\/div><\/div><div class=\"x-feature-box-content \"><h4 class=\"x-feature-box-title\">Videoschnitt & Ver\u00f6ffentlichung<\/h4><p class=\"x-feature-box-text\">Wir schneiden das Video, mailen es Dir in HD und ver\u00f6ffentlichen es auf unseren  Kan\u00e4len<\/p><\/div><\/li><\/ul><\/div>\n  <\/div>\n  <\/div>\n  <\/div>\n\n<div class=\"e98-30 x-section\" >\n    \n<div class=\"x-bg\" aria-hidden=\"true\" >\n  <div class=\"x-bg-layer-lower-image\" style=\" background-image: url(http:\/\/motorrad.video\/wp-content\/uploads\/2020\/06\/Screenshot-2020-06-04-um-17.15.08.jpg); background-repeat: no-repeat; background-position: center; background-size: cover;\" ><\/div>  <\/div>\n  \n<div class=\"e98-31 x-row x-container max width\" >\n  <div class=\"x-row-inner\">\n    \n<div class=\"e98-32 x-col\" >\n    <div  class=\"x-callout center-text\" ><h2 class=\"h-callout\">Anfragen<\/h2><p class=\"p-callout\">Wir freuen uns auf Eure Nachricht !<\/p><a href=\"mailto:hallo@motorrad.video\" class=\"x-btn\" title=\"EMAIL\" ><i class=\"x-icon-arrow-alt-circle-right mvn mln mrs\" data-x-icon-s=\"&#xf35a;\"><\/i>EMAIL<\/a><\/div><\/div>\n  <\/div>\n  <\/div>\n  <\/div>\n\n<div class=\"e98-34 x-section\" >\n      \n<div class=\"e98-35 x-row x-container max width\" >\n  <div class=\"x-row-inner\">\n    \n<div class=\"e98-36 x-col\" >\n    <h2  class=\"h-custom-headline cs-ta-center h3\" ><span>Videoclips auf unseren kan\u00e4len<\/p>\n<\/span><\/h2><\/div>\n  <\/div>\n  <\/div>\n\n<div class=\"e98-38 x-row x-container max width\" >\n  <div class=\"x-row-inner\">\n    \n<div class=\"e98-39 x-col\" >\n    <a  class=\"x-btn x-btn-jumbo x-btn-block\"  href=\"https:\/\/www.youtube.com\/c\/motorradvideo\"  target=\"_blank\" rel=\"\"   data-options=\"thumbnail: ''\"><i  class=\"x-icon mvn mln mrs x-icon-youtube\" data-x-icon-b=\"&#xf167;\" aria-hidden=\"true\"><\/i>YOUTUBE<\/a><\/div>\n\n<div class=\"e98-41 x-col\" >\n    <a  class=\"x-btn x-btn-jumbo x-btn-block\"  href=\"https:\/\/www.instagram.com\/motorrad.video\/\"  target=\"_blank\" rel=\"\"   data-options=\"thumbnail: ''\"><i  class=\"x-icon mvn mln mrs x-icon-instagram\" data-x-icon-b=\"&#xf16d;\" aria-hidden=\"true\"><\/i>INSTAGRAM<\/a><\/div>\n\n<div class=\"e98-43 x-col\" >\n    <a  class=\"x-btn x-btn-jumbo x-btn-block\"  href=\"https:\/\/www.facebook.com\/Motorrad.Video\/\"  target=\"_blank\" rel=\"\"   data-options=\"thumbnail: ''\"><i  class=\"x-icon mvn mln mrs x-icon-facebook\" data-x-icon-b=\"&#xf09a;\" aria-hidden=\"true\"><\/i>FACEBOOK<\/a><\/div>\n  <\/div>\n  <\/div>\n  <\/div>\n\n<div class=\"e98-45 x-section\" >\n        <\/div>\n<\/div>\n","protected":false},"excerpt":{"rendered":"<p>DU UND DEIN MOTORRAD IN EINEM VIDEOCLIP F\u00dcR 149,- EuR Aktuell nur im Grossraum K\u00f6ln + 25 km DAuer des Drehs 30 &#8211; 45 Minuten Daf\u00fcr sorgst DuTo DO DrehortStrasse au\u00dferhalb geschlossener Ortschaft, keine Autobahn, keine Bundesstra\u00dfeParkplatzoder freie Fl\u00e4che an der Stra\u00dfe des Drehortes, optimalerweise Baumfei im Umkreis von ca. 10 Metern, hier werden die Aufnahmen des Motorrads im Stand &#8230;<\/p>\n","protected":false},"author":1,"featured_media":0,"parent":0,"menu_order":0,"comment_status":"closed","ping_status":"closed","template":"template-blank-4.php","meta":[],"_links":{"self":[{"href":"https:\/\/motorrad.video\/index.php?rest_route=\/wp\/v2\/pages\/98"}],"collection":[{"href":"https:\/\/motorrad.video\/index.php?rest_route=\/wp\/v2\/pages"}],"about":[{"href":"https:\/\/motorrad.video\/index.php?rest_route=\/wp\/v2\/types\/page"}],"author":[{"embeddable":true,"href":"https:\/\/motorrad.video\/index.php?rest_route=\/wp\/v2\/users\/1"}],"replies":[{"embeddable":true,"href":"https:\/\/motorrad.video\/index.php?rest_route=%2Fwp%2Fv2%2Fcomments&post=98"}],"version-history":[{"count":26,"href":"https:\/\/motorrad.video\/index.php?rest_route=\/wp\/v2\/pages\/98\/revisions"}],"predecessor-version":[{"id":158,"href":"https:\/\/motorrad.video\/index.php?rest_route=\/wp\/v2\/pages\/98\/revisions\/158"}],"wp:attachment":[{"href":"https:\/\/motorrad.video\/index.php?rest_route=%2Fwp%2Fv2%2Fmedia&parent=98"}],"curies":[{"name":"wp","href":"https:\/\/api.w.org\/{rel}","templated":true}]}}